{"id":2240,"date":"2025-07-03T12:16:31","date_gmt":"2025-07-03T12:16:31","guid":{"rendered":"https:\/\/tecompraste.com.ar\/arg\/product\/royal-canin-babycat-1-5-kg-rccbabycat1\/"},"modified":"2026-01-11T12:36:05","modified_gmt":"2026-01-11T12:36:05","slug":"royal-canin-babycat-1-5-kg-rccbabycat1","status":"publish","type":"product","link":"https:\/\/tecompraste.com.ar\/arg\/product\/royal-canin-babycat-1-5-kg-rccbabycat1\/","title":{"rendered":"Royal Canin Babycat 1.5 KG (RCCBABYCAT1)"},"content":{"rendered":"<p>Especial para facilitar el destete<br \/>  Croqueta adaptada que se rehidrata r\u00e1pidamente para facilitar la transici\u00f3n de la leche al alimento seco.<\/p>\n<p>    Refuerzo del sistema inmunol\u00f3gico<br \/>  Entre las 4 y las 12 semanas despu\u00e9s del nacimiento, la inmunidad proporcionada de forma natural por el calostro de la madre disminuye progresivamente. Mother &#038; Babycat ayuda a reforzar las defensas naturales del gatito en su primera etapa de crecimiento, gracias a un exclusivo complejo de antioxidantes, que incluye vitamina E.<\/p>\n<p>    Salud digestiva<br \/>  Tolerancia digestiva reforzada gracias a prote\u00ednas de alta digestibilidad (L.I.P.*) y prebi\u00f3ticos (incluye FOS). * L.I.P.: prote\u00edna seleccionada por su alta digestibilidad.<\/p>\n<p>Presentacion: 400g<\/p>\n","protected":false},"excerpt":{"rendered":"<p>Especial para facilitar el destete Croqueta adaptada que se rehidrata r\u00e1pidamente para facilitar la transici\u00f3n de la leche al alimento seco. Refuerzo del sistema inmunol\u00f3gico Entre las 4 y las 12 semanas despu\u00e9s del nacimiento, la inmunidad proporcionada de forma natural por el calostro de la madre disminuye progresivamente. Mother &#038; Babycat ayuda a reforzar [&hellip;]<\/p>\n","protected":false},"featured_media":2239,"comment_status":"open","ping_status":"closed","template":"","meta":[],"product_brand":[],"product_cat":[122],"product_tag":[],"class_list":{"0":"post-2240","1":"product","2":"type-product","3":"status-publish","4":"has-post-thumbnail","6":"product_cat-royal-canin","8":"first","9":"outofstock","10":"taxable","11":"shipping-taxable","12":"purchasable","13":"product-type-simple"},"jetpack_sharing_enabled":true,"_links":{"self":[{"href":"https:\/\/tecompraste.com.ar\/arg\/wp-json\/wp\/v2\/product\/2240","targetHints":{"allow":["GET"]}}],"collection":[{"href":"https:\/\/tecompraste.com.ar\/arg\/wp-json\/wp\/v2\/product"}],"about":[{"href":"https:\/\/tecompraste.com.ar\/arg\/wp-json\/wp\/v2\/types\/product"}],"replies":[{"embeddable":true,"href":"https:\/\/tecompraste.com.ar\/arg\/wp-json\/wp\/v2\/comments?post=2240"}],"wp:featuredmedia":[{"embeddable":true,"href":"https:\/\/tecompraste.com.ar\/arg\/wp-json\/wp\/v2\/media\/2239"}],"wp:attachment":[{"href":"https:\/\/tecompraste.com.ar\/arg\/wp-json\/wp\/v2\/media?parent=2240"}],"wp:term":[{"taxonomy":"product_brand","embeddable":true,"href":"https:\/\/tecompraste.com.ar\/arg\/wp-json\/wp\/v2\/product_brand?post=2240"},{"taxonomy":"product_cat","embeddable":true,"href":"https:\/\/tecompraste.com.ar\/arg\/wp-json\/wp\/v2\/product_cat?post=2240"},{"taxonomy":"product_tag","embeddable":true,"href":"https:\/\/tecompraste.com.ar\/arg\/wp-json\/wp\/v2\/product_tag?post=2240"}],"curies":[{"name":"wp","href":"https:\/\/api.w.org\/{rel}","templated":true}]}}